f s.
41, 349
Suppose -19*r + 169781 = 116548 - 237562. What are the prime factors of r?
5, 3061
Suppose -t + c = -8613, -95*t - c + 43089 = -90*t. List the prime factors of t.
7, 1231
Let t(b) = 80*b**2 - 4*b + 2. Let s be 18/7 - (-4)/7*-1. List the prime factors of t(s).
2, 157
Suppose 0 = -5*q + 5, -3*x - 62*q = -61*q + 182. Let n(r) = 4*r**3 - 7*r**2 + 3*r + 4. Let m be n(4). Let i = m + x. What are the prime factors of i?
3, 11
Let w(v) = v + 25. Suppose 3*r + 17 = -5*k, 9 = -2*r - 2*k - 5. Let n be w(r). Suppose -87 = -a - n. List the prime factors of a.
71
Let c be (-1)/2*(39 + -39). List the prime factors of (-3)/(c + 3/(-1181)).
1181
Suppose -4*z = 11*z - 60. Let w be -3*z/(-24)*-8. What are the prime factors of 3 - (-778)/18 - w/(-18)?
2, 23
Let x(t) = 125*t**2 - 12*t - 27. Let d = 525 + -527. List the prime factors of x(d).
7, 71
Let c be 12 - ((-1)/2 + (-21)/14). Suppose c*i - 280 = 140. Suppose 0 = i*g - 33*g + 315. List the prime factors of g.
3, 5, 7
Let g = 21424 + -5383. What are the prime factors of g?
3, 5347
Let p(x) be the first derivative of 10*x**4 + x**2 - x - 17. Let o(v) = -v**3 + 11*v**2 - v + 12. Let h be o(11). What are the prime factors of p(h)?
41
Let n(g) = 290*g**2 + 5*g - 230. What are the prime factors of n(-15)?
5, 31, 419
Suppose -21*c = -91439 - 64885 + 32256. What are the prime factors of c?
2, 7, 211
Suppose 5*v + 555 = 5*q, 2*v - 6*v + 5*q - 447 = 0. Let s = 287 + v. List the prime factors of s.
179
Suppose -24*i - 106973 = -407098 - 268267. List the prime factors of i.
11, 2153
Let d = -2 - -2. Suppose 2*k + 4*i + 20 = 0, 0 = 4*k + 3*i + 6 + 9. Suppose -4*y + k*y + 147 = t, d = -3*y + 6. List the prime factors of t.
139
Let j(o) = -o**3 - 9*o**2 - 17*o - 20. Let i be j(-7). Let g be -3 - -5 - (-1 + i). Suppose -g*t = -73 - 43. What are the prime factors of t?
2, 29
Suppose -i + 1412 = -0*i - 2*n, -2*i - 4*n + 2800 = 0. Let b = -894 + i. List the prime factors of b.
2
Let j(h) = 3*h**2 + 6*h - 45. Let n(i) = 2*i**2 + 4*i - 30. Let c(a) = 5*j(a) - 8*n(a). Let m be c(3). Suppose -3*z - 33 + 243 = m. List the prime factors of z.
2, 5, 7
Suppose 0 = 4*p + 4 + 8. Let o be (-3 - 21/(-6))/(p/(-6)). List the prime factors of (78844/(-24))/(-23) - o/(-6).
11, 13
Let m(x) = -x**2 - 16*x + 3. Let h be m(0). Suppose 0 = -21*z + h*z + 15228. What are the prime factors of z?
2, 3, 47
Suppose -271462 = -12*z - 32530. What are the prime factors of z?
3, 6637
Let m(g) = 350*g**3 - 5*g**2 + 3. Let n be m(2). Suppose 4*c - c + 4*t - n = 0, 4*c = 2*t + 3740. List the prime factors of c.
3, 311
Suppose 90 = -7*r + 342. List the prime factors of (30/r)/((-5)/(-9))*358.
3, 179
Let f be 0/(3/8 + (-380)/160). Suppose f = -10*v + 1051 + 1589. List the prime factors of v.
2, 3, 11
Let z be (6/(-4))/((-14)/(-364)). Let o = 74 + z. Suppose 2*g = o + 1. What are the prime factors of g?
2, 3
Let f = 49 + -46. What are the prime factors of 4/(28/21)*164/f?
2, 41
Let c(z) = z**2 - 180. Let w be c(-13). List the prime factors of 777 + w/(88/(-64)).
5, 157
Suppose 5*c - 2*k = 19007, 5*k - 8646 = -5*c + 10389. List the prime factors of c.
3803
Suppose -3*f + 5 + 19 = 0. Suppose 880 = f*q + 3*q. Suppose 94 = h + 3*b, 5*h + 5*b - 440 - q = 0. What are the prime factors of h?
109
Let w(a) = -a**2 + 11. Let o be w(-3). List the prime factors of (9/o - (-3)/(-2)) + 732.
3, 5, 7
Let o(n) = -13*n + 178 - 113 - 146. List the prime factors of o(-31).
2, 7, 23
Suppose 5*u + 5*o = -2365, 2*u - 2*o + 1409 = -u. What are the prime factors of ((-30)/(-4))/(-5 + u/(-94))?
3, 5, 47
Let k = -19663 - -27209. What are the prime factors of k?
2, 7, 11
Let r = -37 - 46. Let b = r - 14. Let z = b - -344. List the prime factors of z.
13, 19
Suppose -y + 38607 = 3*g, 10*y + 5*g = 13*y - 115765. List the prime factors of y.
3, 5, 31, 83
Let s(m) = -121*m - 31. Let y be s(-2). Suppose -o = -n - y, -4*o + 19*n + 839 = 16*n. What are the prime factors of o?
2, 103
Let k(q) = -2*q**3 + 10*q**2 + 11*q - 4. Let u be k(6). What are the prime factors of (-8)/u - (-4012)/85?
2, 3
Suppose -13*p - 143*p = 73*p - 7604632. What are the prime factors of p?
2, 7, 593
Suppose -3*a + a - 5*j = -25, 0 = 2*j - 6. Suppose 4*p + 0*p = 3*t - 522, a*t - 2*p - 856 = 0. List the prime factors of t.
2, 5, 17
Let r = 281 - 282. What are the prime factors of (-374)/51*((-290)/4 + r)?
7, 11
Let o(m) be the second derivative of m**5/30 + 7*m**4/12 - 5*m**3/3 - 19*m**2 + 47*m. Let a(j) be the first derivative of o(j). List the prime factors of a(-9).
2, 13
Suppose 2*y = -4*q + 81370, -y - 4*q - 40661 = -2*y. List the prime factors of y.
3, 7, 13, 149
Suppose 0 = -17*p + 344134 - 111319. What are the prime factors of p?
3, 5, 11, 83
Let m(u) = 12*u**2 - u - 5. Let h(r) = r**3 - 15*r**2 - 15*r - 19. Let w(l) = 10*l - 24. Let o be w(4). Let c be h(o). List the prime factors of m(c).
2, 53
Let c(z) be the first derivative of 67*z**2/2 - 9*z + 75. List the prime factors of c(3).
2, 3
Let n = 60 - 53. Let d(l) = 3*l**3 - 6*l + 37. Let q(k) = k**3 - 2*k + 13. Let j(v) = n*q(v) - 2*d(v). What are the prime factors of j(0)?
17
Suppose -4*h = 5*c - 4311, 2*c = -3 - 7. List the prime factors of h.
2, 271
Suppose 0 = 4*z + z - 545. Let t be (-1)/(((-39)/65 + 1)/((-32)/5)). Let o = t + z. What are the prime factors of o?
5
What are the prime factors of 15*(2 - -1130)/((-25)/(-35))?
2, 3, 7, 283
Let y(v) = -13*v - 21. Let a be y(-1). List the prime factors of -1*189*(a - -2).
2, 3, 7
Let t = -6956 - -12877. List the prime factors of t.
31, 191
Suppose -16*c + 14*c = 2. Let g be c + 4 + (1 - -2). Suppose -171 = -3*w + 4*d, -g*d + 8*d - 6 = 0. List the prime factors of w.
61
Let w(u) = 10*u + 2*u + 1 + 2*u - 2*u. Let g be w(3). Suppose 40*b - 72 = g*b. What are the prime factors of b?
2, 3
Let l(n) be the second derivative of 0 + 3/2*n**2 - 10*n + 1/3*n**3 - 1/20*n**5 + 5/6*n**4. What are the prime factors of l(10)?
23
What are the prime factors of -13 + (-8 - -8) - -29028?
5, 7, 829
Let b = -9594 + 19637. List the prime factors of b.
11, 83
Let q be (-2 - 3) + 118 + -1. Suppose 14 + 11 = -5*c. What are the prime factors of (3 + c)/((-4)/q)?
2, 7
Let m(j) be the second derivative of -j**5/20 - 13*j**4/6 - 25*j**3/6 - 21*j**2/2 + 9*j. Let k be m(-25). What are the prime factors of 19/(k/(-6) + -3)?
2, 19
Suppose 0 = 36*t - 33*t - 1416. Suppose 5*a + t = 2642. What are the prime factors of a?
2, 7, 31
Let l(d) = -137*d**3 - 1. Let p = 420 - 421. List the prime factors of l(p).
2, 17
Let r = 117986 - 66059. List the prime factors of r.
3, 19, 911
Suppose -147593 = -5*a - 48347 + 304649. What are the prime factors of a?
80779
Suppose 0 = -3*p + 130 - 97. Suppose -16456 = p*w - 28*w. List the prime factors of w.
2, 11
Suppose -1811 = -6*g + 1507. Suppose -1981 + g = -4*t. Suppose 779 + t = 8*w. What are the prime factors of w?
2, 71
Suppose 5*s - 14579 = -2*d, -25*d + 36535 = -20*d - 5*s. List the prime factors of d.
2, 3, 1217
List the prime factors of (1/2)/((-18)/(-3238284)*182/156).
2, 19, 2029
Let a(r) = r**3 + 6*r**2 + 13*r + 6. Let y be a(-6). Let f(h) = -h**3 - 10*h**2 + 3*h + 17. Let x be f(-9). Let o = y - x. List the prime factors of o.
19
Let x be 6/(-51) - (-59288)/(-68). Suppose -5*v - 4*n - 3087 = 0, -2*n - 609 = v - 4*n. Let y = v - x. List the prime factors of y.
257
Let a(n) = -54*n - 4 - 28 + 3 + 7. List the prime factors of a(-6).
2, 151
Suppose -5*r = -2*d - 20818, 16*r + 4160 = 17*r - 4*d. What are the prime factors of r?
2, 3, 347
List the prime factors of (19777/3)/((-4)/18)*750/(-1125).
19777
Let o(c) = 113*c**3 - 7*c**2 - 19*c + 105. List the prime factors of o(4).
3, 2383
Let r(k) = -k**3 + 18*k**2 + 28*k + 5. Let i be 6/10*((-3 - -15) + -7). Suppose -2*o + 95 = 5*s, 2*o + 76 = 4*s - i*o. What are the prime factors of r(s)?
2, 11
Let d be ((-44)/8 + 6)*(0 - 0). What are the prime factors of 25/10*24 - (0 - d)?
2, 3, 5
Let c(i) = i**2 - i - 1. Let o(k) = -4*k**2 + 7*k + 18. Let t(v) = 5*c(v) + o(v). What are the prime factors of t(-15)?
2, 13
Suppose -4*h + 3461 = -3*d - 2*d, 3*d - 4317 = -5*h. Suppose h = -61*q + 67*q. What are the prime factors of q?
2, 3
Let j(b) = 74*b**3 + b**2 + 45*b - 486. What are the prime factors of j(8)?
2, 18913
Let x = -10039 - -18940. List the prime fact